Calculate the greatest common factor of q and 34.
34
Let m = 12 + -9. Suppose -6*r + r = 2*k - 44, -m*r - 5*k + 15 = 0. What is the greatest common divisor of r and 4?
2
Suppose 0 = -2*w + k + 19 - 1, 0 = 3*w + k - 37. Let l = 13 - w. Calculate the highest common factor of l and 2.
2
Let b(l) = -l**2 - l + 1. Let w be b(2). Let z be (110/4)/11*(-82)/w. What is the highest common factor of z and 451?
41
Let j(p) = p**3 - 7*p**2 - 15*p - 16. Let m be j(9). Suppose -2*v = 2*n + v - 31, m = n + 3*v. Calculate the greatest common divisor of n and 15.
5
Suppose u = -2 - 4. Let z be (-1)/3*-2*u. Let d be (4/(-3))/(z/12). Calculate the highest common divisor of 28 and d.
4
Let f(k) = 2*k**2 + 9*k + 28. Let y be f(-8). What is the highest common factor of 12 and y?
12
Let n be 12/(-28) - (-157)/7. Let g be 50/20*(-44)/(-5). Calculate the greatest common divisor of g and n.
22
Let x(w) = 6*w - 10. Let d be x(9). What is the highest common factor of d and 528?
44
Suppose -6*i + 149 = 17. Suppose -28 - i = -2*u. What is the greatest common factor of u and 5?
5
Suppose 0 = -9*c + 11*c - 60. Suppose -2*p + 4*h + c = 0, -3*p - 7 + 74 = 5*h. Calculate the highest common divisor of 19 and p.
19
Let c(u) = -u**3 + 5*u**2 + 18*u + 12. Let v be c(6). Calculate the greatest common divisor of 6 and v.
6
Let d be ((-1)/(2/1))/(23/(-41446)). Calculate the greatest common factor of 17 and d.
17
Let v = 1637 + -1232. What is the highest common divisor of v and 30?
15
Let f(b) = 16*b - 49. Let m be f(4). What is the highest common factor of m and 1500?
15
Suppose 4*x + o + 7 = 31, 5*x - o = 30. Let v be x/4*12/9. Let i be 2 - (4 - 2)*-1. What is the greatest common factor of i and v?
2
Suppose -1 - 2 = -f. Suppose 0*j - f*j = -363. Calculate the highest common factor of j and 11.
11
Suppose -5*x + 608 = 5*d - 292, d - 3*x - 180 = 0. Suppose 0 = -8*s - s + d. Calculate the greatest common factor of 50 and s.
10
Let p be (-2)/(-3) - (-472)/12. Suppose 2*u + u = 24. Calculate the greatest common factor of u and p.
8
Suppose -4*h = b - 53, -3*b + 5*b = h - 2. Calculate the greatest common divisor of 840 and h.
12
Suppose 10*w - 230 = -5*q + 13*w, 0 = -4*q + 3*w + 181. Let y be -1 + (-5)/(10/(-16)). What is the greatest common divisor of y and q?
7
Suppose -147*y + 121*y = -12480. Calculate the greatest common factor of 30 and y.
30
Let t(a) = -a. Let q(n) = 2*n**2 - 9*n + 3. Let x(g) = q(g) - 5*t(g). Let y be x(3). Suppose 8*z = 622 + 26. What is the highest common factor of z and y?
9
Let s = -20 + 47. Let k be (-2)/(-5) - (-1408)/55. Let y = -8 + k. Calculate the greatest common factor of s and y.
9
Suppose 0 = -3*w - 3*v - 3, 3*v + 19 = -6*w + 7*w. Suppose y + 2*y + w*h - 26 = 0, -2*y = -h - 10. What is the highest common divisor of y and 48?
6
Let o be 10 - (14 + -4) - -192. Calculate the greatest common divisor of 6 and o.
6
Let w(q) = q**2 + 25*q - 264. Let y be w(-34). What is the greatest common divisor of y and 259?
7
Let o be 3 + (-41)/(-2)*14. Let w = o - 103. What is the greatest common factor of w and 17?
17
Suppose -5 = -5*d, -5*u + 0*u = -4*d + 4. Suppose -3*i = -y - 178 + 42, u = -5*i - y + 232. Calculate the greatest common factor of 23 and i.
23
Suppose p = -5*s + 104, -3*s - 386 + 16 = -4*p. Calculate the highest common divisor of 4 and p.
2
Suppose -20 = -2*n + 7*n, -3*i + 5*n + 137 = 0. Let a(q) = q + 13. Let f be a(0). What is the highest common factor of i and f?
13
Let b(o) = o**2 + 9*o + 6. Let p be b(-8). Let a be 8/(-16)*32/p. Let h be 74 + (1 - (6 + -3)). Calculate the highest common factor of h and a.
8
Let m = 14 - -217. Let w = -14 + 17. Suppose -w*j + 10 = -53. What is the greatest common divisor of m and j?
21
Suppose 5*r = -4*d + 76, -r + 0*r = -d - 8. Let q = -289 + 521. Let l = q + -160. What is the greatest common factor of r and l?
12
Let z be ((-24)/(-21))/((-9)/(-252)). Calculate the highest common divisor of 304 and z.
16
Suppose 3*h + h + 32 = 0. Let x be (13/(-2))/(1/h). Suppose -3*g + 5*w + 27 = -17, g - 5*w = 18. Calculate the highest common factor of g and x.
13
Let a be (-500)/(-80) + (-1)/4. Let c(j) = -9*j - 1. Let f be c(-1). Suppose -3*z - 10 = -f*z. What is the greatest common factor of a and z?
2
Let z(i) = i**3 - 10*i**2 + 37*i - 105. Let b be z(8). What is the greatest common factor of b and 3969?
63
Let v = 2181 + -2041. What is the greatest common divisor of v and 56?
28
Let t = 128 + -74. Let v = 67 - -68. Calculate the greatest common divisor of t and v.
27
Let p be (-9)/(54/(-1110)) + -5. Calculate the highest common divisor of 630 and p.
90
Let i(p) = -3*p - 26. Let x be i(15). Let c = x + 99. What is the greatest common factor of 4 and c?
4
Suppose -r = -5*v, v - 9 = -r - 3*v. Suppose -3 = g - r. Suppose 244 = 5*s + g*w, 0 = -4*s - 2*w + 15 + 181. Calculate the highest common factor of 12 and s.
12
Let g(r) = 2*r - 75. Let w be g(44). Let q = -12 - -19. Let i be 63 + -1 - (q + -10). Calculate the greatest common divisor of i and w.
13
Suppose w + 2*w = -3*i + 27, 17 = -2*i + 5*w. Suppose i*t - 43 = -7. Let v = -13 + 22. Calculate the greatest common divisor of v and t.
9
Suppose 8*o - 9*o + 2 = 0. Suppose q = -o*q - 4*y + 189, y = 0. Let u = 6 + 15. Calculate the highest common factor of q and u.
21
Let p be (3/(-6))/((-2)/12). Let f(t) = -p - 3*t - 5*t + 3*t - 4*t**2 + 3*t + t**3. Let m be f(5). What is the highest common divisor of m and 3?
3
Suppose 4*m = 222 - 26. Suppose 9 = 3*h, 3*g = 7*g + 3*h - m. Let j = -419 + 444. What is the greatest common divisor of g and j?
5
Let o be 3/2 + (-85)/(-2). Let z be 5*-1*o/(-10). Let g be 1526/35 - 18/(-45). What is the highest common factor of z and g?
22
Let s be (-2185)/(-20) - (-1)/(-4). Let n = s - 70. Calculate the highest common factor of n and 13.
13
Let a = 937 - 437. What is the highest common divisor of 20 and a?
20
Let c = -20 - -35. Let k be (300/(-270))/((-1)/9). Calculate the highest common factor of k and c.
5
Let i be (44/(-55))/(2/(-10)). Let u(c) = 146*c**2 - c. Let o be u(1). Suppose -i*w = w - o. What is the highest common divisor of 58 and w?
29
Let z = 227 - 172. Calculate the highest common factor of z and 1705.
55
Suppose 5*h - 2*h = 2*z - 33, 0 = -3*h - 9. What is the highest common divisor of 108 and z?
12
Let u(y) = -y**2 + 4*y + 5. Let l be u(5). Suppose 3*j - j = l. Suppose 0 = -c - j*c + 64. Calculate the greatest common factor of c and 16.
16
Let x(d) = d**3 + 15*d**2 - 36*d + 40. Let q be x(-17). Calculate the highest common divisor of 259 and q.
37
Let j = -505 + 511. Let i = 3 + -5. Let y = 1 - i. Calculate the greatest common factor of j and y.
3
Let d(g) = -17*g - 84. Let u be d(-6). What is the highest common factor of u and 549?
9
Let o be 57/((-1)/(-4) - (-165)/60). What is the greatest common divisor of o and 589?
19
Let b(i) = 2*i**3 - 22*i**2 + 4*i - 26. Let s be b(11). Let y be (-1)/(-2)*(-12)/(-2). What is the greatest common divisor of s and y?
3
Let k(c) = -c**3 - c**2 + c + 12. Let d be k(0). Suppose 3*i = i + d. Suppose -h - 123 = -189. What is the highest common divisor of i and h?
6
Suppose -2*o - 20 = l, 4*l + 4*o + 77 = 1. Let m = -16 - l. Calculate the greatest common factor of m and 3.
1
Let j(s) = 4*s - 12. Let g be j(9). Suppose 3*h = 5*h - g. Suppose -u = -4*u - 12, -5*r - u + 296 = 0. Calculate the greatest common factor of r and h.
12
Let l(f) = -25*f - 44. Let n(x) = -6*x - 11. Let i(d) = -6*l(d) + 26*n(d). Let t be i(-12). Let p = -4 + 14. What is the greatest common divisor of t and p?
10
Let o be 210 + 2/(-1) + 1. Let q = -4964 + 4983. What is the highest common factor of o and q?
19
Let k be 9/(22/20 - (-24)/60). Let t be k/4 - (-1078)/44. Let f(d) = 2*d**2 + 7*d - 10. Let b be f(-7). Calculate the highest common divisor of b and t.
13
Let o be 2 + 93/(-15) + 4/20. Let n(k) = -2*k**3 - 7*k**2 - 3*k + 8. Let s be n(o). Calculate the greatest common divisor of 27 and s.
9
Let c = -1 + 7. Let z(h) be the first derivative of 5*h**2/2 - 5*h - 2. Let l be z(c). What is the highest common divisor of l and 10?
5
Let r(x) = -x**2 - 10*x + 12. Let z be r(-10). Calculate the highest common divisor of z and 228.
12
Let n = 202 + -102. Suppose -n = -t - 3*z, -2*t + 400 = 2*t + 5*z. Let o be -100*((-48)/20 - -2). W